{"id":27,"date":"2025-07-14T19:01:23","date_gmt":"2025-07-14T19:01:23","guid":{"rendered":"http:\/\/enavahr.com\/?page_id=27"},"modified":"2025-07-15T14:43:48","modified_gmt":"2025-07-15T14:43:48","slug":"a-propos","status":"publish","type":"page","link":"https:\/\/enavahr.com\/?page_id=27","title":{"rendered":"A propos"},"content":{"rendered":"\n<h3 class=\"wp-block-heading has-large-font-size\"><strong>Qui sommes-nous ?<\/strong><\/h3>\n\n\n\n<p><strong>ENAVA HR<\/strong> est un cabinet international de recrutement. Nous accompagnons les grandes entreprises dans la recherche et la s\u00e9lection de talents, en assurant une mise en relation rigoureuse, rapide et sur-mesure.<\/p>\n\n\n\n<p><strong>Notre mission<\/strong> : connecter les bons profils aux bons projets.<br><strong>Notre vision<\/strong> : servir les entreprises \u00e0 l\u2019\u00e9chelle mondiale avec des standards \u00e9lev\u00e9s.<\/p>\n\n\n\n<h4 class=\"wp-block-heading has-large-font-size\"><strong>Nos services <\/strong><\/h4>\n\n\n\n<p>\u25aa\ufe0fRecrutement de profils internationaux<\/p>\n\n\n\n<p>\u25aa\ufe0f\u00c9valuation des comp\u00e9tences<\/p>\n\n\n\n<p>\u25aa\ufe0fAccompagnement RH sur mesure<\/p>\n\n\n\n<p>\u25aa\ufe0fSp\u00e9cialisation dans la restauration a\u00e9rienne, h\u00f4tellerie, logistique, et services techniques.<\/p>\n\n\n\n<hr class=\"wp-block-separator has-alpha-channel-opacity\"\/>\n\n\n\n<figure class=\"wp-block-image size-full\"><img loading=\"lazy\" decoding=\"async\" width=\"1024\" height=\"768\" src=\"http:\/\/enavahr.com\/wp-content\/uploads\/2025\/07\/telechargement-8.png\" alt=\"\" class=\"wp-image-19\" srcset=\"https:\/\/enavahr.com\/wp-content\/uploads\/2025\/07\/telechargement-8.png 1024w, https:\/\/enavahr.com\/wp-content\/uploads\/2025\/07\/telechargement-8-300x225.png 300w, https:\/\/enavahr.com\/wp-content\/uploads\/2025\/07\/telechargement-8-768x576.png 768w, https:\/\/enavahr.com\/wp-content\/uploads\/2025\/07\/telechargement-8-80x60.png 80w, https:\/\/enavahr.com\/wp-content\/uploads\/2025\/07\/telechargement-8-600x450.png 600w\" sizes=\"auto, (max-width: 1024px) 100vw, 1024px\" \/><\/figure>\n\n\n\n<p class=\"has-large-font-size\"><strong>Pourquoi ENAVA HR ?<\/strong><\/p>\n\n\n\n<p>Choisir ENAVA HR, c\u2019est opter pour un partenaire fiable, engag\u00e9 et tourn\u00e9 vers l\u2019excellence.<br>Nous pla\u00e7ons la compr\u00e9hension humaine au c\u0153ur du processus de recrutement, tout en garantissant rigueur, r\u00e9activit\u00e9 et professionnalisme.<\/p>\n\n\n\n<p>\u25aa\ufe0fR\u00e9seau international actif<\/p>\n\n\n\n<p>\u25aa\ufe0fApproche humaine<\/p>\n\n\n\n<p>\u25aa\ufe0fProcessus clairs et rapides<\/p>\n\n\n\n<p>\u25aa\ufe0fExigence de qualit\u00e9.<\/p>\n\n\n\n<p><\/p>\n","protected":false},"excerpt":{"rendered":"<p>Qui sommes-nous ? ENAVA HR est un cabinet international de recrutement. Nous accompagnons les grandes entreprises dans la recherche et la s\u00e9lection de talents, en &hellip; <\/p>\n","protected":false},"author":1,"featured_media":0,"parent":0,"menu_order":0,"comment_status":"closed","ping_status":"closed","template":"","meta":{"footnotes":""},"class_list":["post-27","page","type-page","status-publish","hentry"],"yoast_head":"<!-- This site is optimized with the Yoast SEO plugin v27.3 - https:\/\/yoast.com\/product\/yoast-seo-wordpress\/ -->\n<title>A propos - ENAVA HR<\/title>\n<meta name=\"robots\" content=\"index, follow, max-snippet:-1, max-image-preview:large, max-video-preview:-1\" \/>\n<link rel=\"canonical\" href=\"https:\/\/enavahr.com\/?page_id=27\" \/>\n<meta property=\"og:locale\" content=\"fr_FR\" \/>\n<meta property=\"og:type\" content=\"article\" \/>\n<meta property=\"og:title\" content=\"A propos - ENAVA HR\" \/>\n<meta property=\"og:description\" content=\"Qui sommes-nous ? ENAVA HR est un cabinet international de recrutement. Nous accompagnons les grandes entreprises dans la recherche et la s\u00e9lection de talents, en &hellip;\" \/>\n<meta property=\"og:url\" content=\"https:\/\/enavahr.com\/?page_id=27\" \/>\n<meta property=\"og:site_name\" content=\"ENAVA HR\" \/>\n<meta property=\"article:modified_time\" content=\"2025-07-15T14:43:48+00:00\" \/>\n<meta property=\"og:image\" content=\"http:\/\/enavahr.com\/wp-content\/uploads\/2025\/07\/telechargement-8.png\" \/>\n<meta name=\"twitter:card\" content=\"summary_large_image\" \/>\n<meta name=\"twitter:label1\" content=\"Dur\u00e9e de lecture estim\u00e9e\" \/>\n\t<meta name=\"twitter:data1\" content=\"1 minute\" \/>\n<script type=\"application\/ld+json\" class=\"yoast-schema-graph\">{\"@context\":\"https:\\\/\\\/schema.org\",\"@graph\":[{\"@type\":\"WebPage\",\"@id\":\"https:\\\/\\\/enavahr.com\\\/?page_id=27\",\"url\":\"https:\\\/\\\/enavahr.com\\\/?page_id=27\",\"name\":\"A propos - ENAVA HR\",\"isPartOf\":{\"@id\":\"https:\\\/\\\/enavahr.com\\\/#website\"},\"primaryImageOfPage\":{\"@id\":\"https:\\\/\\\/enavahr.com\\\/?page_id=27#primaryimage\"},\"image\":{\"@id\":\"https:\\\/\\\/enavahr.com\\\/?page_id=27#primaryimage\"},\"thumbnailUrl\":\"http:\\\/\\\/enavahr.com\\\/wp-content\\\/uploads\\\/2025\\\/07\\\/telechargement-8.png\",\"datePublished\":\"2025-07-14T19:01:23+00:00\",\"dateModified\":\"2025-07-15T14:43:48+00:00\",\"breadcrumb\":{\"@id\":\"https:\\\/\\\/enavahr.com\\\/?page_id=27#breadcrumb\"},\"inLanguage\":\"fr-FR\",\"potentialAction\":[{\"@type\":\"ReadAction\",\"target\":[\"https:\\\/\\\/enavahr.com\\\/?page_id=27\"]}]},{\"@type\":\"ImageObject\",\"inLanguage\":\"fr-FR\",\"@id\":\"https:\\\/\\\/enavahr.com\\\/?page_id=27#primaryimage\",\"url\":\"https:\\\/\\\/enavahr.com\\\/wp-content\\\/uploads\\\/2025\\\/07\\\/telechargement-8.png\",\"contentUrl\":\"https:\\\/\\\/enavahr.com\\\/wp-content\\\/uploads\\\/2025\\\/07\\\/telechargement-8.png\",\"width\":1024,\"height\":768},{\"@type\":\"BreadcrumbList\",\"@id\":\"https:\\\/\\\/enavahr.com\\\/?page_id=27#breadcrumb\",\"itemListElement\":[{\"@type\":\"ListItem\",\"position\":1,\"name\":\"Accueil\",\"item\":\"https:\\\/\\\/enavahr.com\\\/\"},{\"@type\":\"ListItem\",\"position\":2,\"name\":\"A propos\"}]},{\"@type\":\"WebSite\",\"@id\":\"https:\\\/\\\/enavahr.com\\\/#website\",\"url\":\"https:\\\/\\\/enavahr.com\\\/\",\"name\":\"ENAVA HR\",\"description\":\"L\u2019expertise humaine. Sans fronti\u00e8res.\",\"publisher\":{\"@id\":\"https:\\\/\\\/enavahr.com\\\/#organization\"},\"potentialAction\":[{\"@type\":\"SearchAction\",\"target\":{\"@type\":\"EntryPoint\",\"urlTemplate\":\"https:\\\/\\\/enavahr.com\\\/?s={search_term_string}\"},\"query-input\":{\"@type\":\"PropertyValueSpecification\",\"valueRequired\":true,\"valueName\":\"search_term_string\"}}],\"inLanguage\":\"fr-FR\"},{\"@type\":\"Organization\",\"@id\":\"https:\\\/\\\/enavahr.com\\\/#organization\",\"name\":\"ENAVA HR\",\"url\":\"https:\\\/\\\/enavahr.com\\\/\",\"logo\":{\"@type\":\"ImageObject\",\"inLanguage\":\"fr-FR\",\"@id\":\"https:\\\/\\\/enavahr.com\\\/#\\\/schema\\\/logo\\\/image\\\/\",\"url\":\"https:\\\/\\\/enavahr.com\\\/wp-content\\\/uploads\\\/2025\\\/07\\\/cropped-Enava.png\",\"contentUrl\":\"https:\\\/\\\/enavahr.com\\\/wp-content\\\/uploads\\\/2025\\\/07\\\/cropped-Enava.png\",\"width\":500,\"height\":500,\"caption\":\"ENAVA HR\"},\"image\":{\"@id\":\"https:\\\/\\\/enavahr.com\\\/#\\\/schema\\\/logo\\\/image\\\/\"}}]}<\/script>\n<!-- \/ Yoast SEO plugin. -->","yoast_head_json":{"title":"A propos - ENAVA HR","robots":{"index":"index","follow":"follow","max-snippet":"max-snippet:-1","max-image-preview":"max-image-preview:large","max-video-preview":"max-video-preview:-1"},"canonical":"https:\/\/enavahr.com\/?page_id=27","og_locale":"fr_FR","og_type":"article","og_title":"A propos - ENAVA HR","og_description":"Qui sommes-nous ? ENAVA HR est un cabinet international de recrutement. Nous accompagnons les grandes entreprises dans la recherche et la s\u00e9lection de talents, en &hellip;","og_url":"https:\/\/enavahr.com\/?page_id=27","og_site_name":"ENAVA HR","article_modified_time":"2025-07-15T14:43:48+00:00","og_image":[{"url":"http:\/\/enavahr.com\/wp-content\/uploads\/2025\/07\/telechargement-8.png","type":"","width":"","height":""}],"twitter_card":"summary_large_image","twitter_misc":{"Dur\u00e9e de lecture estim\u00e9e":"1 minute"},"schema":{"@context":"https:\/\/schema.org","@graph":[{"@type":"WebPage","@id":"https:\/\/enavahr.com\/?page_id=27","url":"https:\/\/enavahr.com\/?page_id=27","name":"A propos - ENAVA HR","isPartOf":{"@id":"https:\/\/enavahr.com\/#website"},"primaryImageOfPage":{"@id":"https:\/\/enavahr.com\/?page_id=27#primaryimage"},"image":{"@id":"https:\/\/enavahr.com\/?page_id=27#primaryimage"},"thumbnailUrl":"http:\/\/enavahr.com\/wp-content\/uploads\/2025\/07\/telechargement-8.png","datePublished":"2025-07-14T19:01:23+00:00","dateModified":"2025-07-15T14:43:48+00:00","breadcrumb":{"@id":"https:\/\/enavahr.com\/?page_id=27#breadcrumb"},"inLanguage":"fr-FR","potentialAction":[{"@type":"ReadAction","target":["https:\/\/enavahr.com\/?page_id=27"]}]},{"@type":"ImageObject","inLanguage":"fr-FR","@id":"https:\/\/enavahr.com\/?page_id=27#primaryimage","url":"https:\/\/enavahr.com\/wp-content\/uploads\/2025\/07\/telechargement-8.png","contentUrl":"https:\/\/enavahr.com\/wp-content\/uploads\/2025\/07\/telechargement-8.png","width":1024,"height":768},{"@type":"BreadcrumbList","@id":"https:\/\/enavahr.com\/?page_id=27#breadcrumb","itemListElement":[{"@type":"ListItem","position":1,"name":"Accueil","item":"https:\/\/enavahr.com\/"},{"@type":"ListItem","position":2,"name":"A propos"}]},{"@type":"WebSite","@id":"https:\/\/enavahr.com\/#website","url":"https:\/\/enavahr.com\/","name":"ENAVA HR","description":"L\u2019expertise humaine. Sans fronti\u00e8res.","publisher":{"@id":"https:\/\/enavahr.com\/#organization"},"potentialAction":[{"@type":"SearchAction","target":{"@type":"EntryPoint","urlTemplate":"https:\/\/enavahr.com\/?s={search_term_string}"},"query-input":{"@type":"PropertyValueSpecification","valueRequired":true,"valueName":"search_term_string"}}],"inLanguage":"fr-FR"},{"@type":"Organization","@id":"https:\/\/enavahr.com\/#organization","name":"ENAVA HR","url":"https:\/\/enavahr.com\/","logo":{"@type":"ImageObject","inLanguage":"fr-FR","@id":"https:\/\/enavahr.com\/#\/schema\/logo\/image\/","url":"https:\/\/enavahr.com\/wp-content\/uploads\/2025\/07\/cropped-Enava.png","contentUrl":"https:\/\/enavahr.com\/wp-content\/uploads\/2025\/07\/cropped-Enava.png","width":500,"height":500,"caption":"ENAVA HR"},"image":{"@id":"https:\/\/enavahr.com\/#\/schema\/logo\/image\/"}}]}},"_links":{"self":[{"href":"https:\/\/enavahr.com\/index.php?rest_route=\/wp\/v2\/pages\/27","targetHints":{"allow":["GET"]}}],"collection":[{"href":"https:\/\/enavahr.com\/index.php?rest_route=\/wp\/v2\/pages"}],"about":[{"href":"https:\/\/enavahr.com\/index.php?rest_route=\/wp\/v2\/types\/page"}],"author":[{"embeddable":true,"href":"https:\/\/enavahr.com\/index.php?rest_route=\/wp\/v2\/users\/1"}],"replies":[{"embeddable":true,"href":"https:\/\/enavahr.com\/index.php?rest_route=%2Fwp%2Fv2%2Fcomments&post=27"}],"version-history":[{"count":3,"href":"https:\/\/enavahr.com\/index.php?rest_route=\/wp\/v2\/pages\/27\/revisions"}],"predecessor-version":[{"id":40,"href":"https:\/\/enavahr.com\/index.php?rest_route=\/wp\/v2\/pages\/27\/revisions\/40"}],"wp:attachment":[{"href":"https:\/\/enavahr.com\/index.php?rest_route=%2Fwp%2Fv2%2Fmedia&parent=27"}],"curies":[{"name":"wp","href":"https:\/\/api.w.org\/{rel}","templated":true}]}}